5. What is the units digit of m?
9
Let j = -146 - -253. Suppose h - 88 = j. What is the hundreds digit of h?
1
Suppose 0 = 4*g + 267 - 991. Suppose 3*u + g + 77 = 0. What is the hundreds digit of 21*(u/(-6) - 2)?
2
Suppose -2*j - 72 = 5*f, 7*f - 10*f - 2*j = 40. Let s(q) = -18*q - 18. What is the tens digit of s(f)?
7
Let c(i) = -i**3 - 6*i**2 + 9*i + 17. Let s be c(-7). Suppose s*h - 93 = 660. Let a = h - 94. What is the units digit of a?
7
Suppose -4*z - 34608 = -2*f + 15198, 0 = -5*f - 2*z + 124407. What is the ten thousands digit of f?
2
Let r = -29057 - -31568. What is the tens digit of r?
1
Suppose -5*v + 13519 - 2034 = 0. Suppose -3*t - 637 - v = 0. What is the units digit of 1 + (t/(-10) - (-3)/15)?
9
Suppose -5*a = -x + 5, -2*a + 3*a + 5*x = 25. Let n be 5 + a + (-804)/(-4). Let p = n + -91. What is the units digit of p?
5
Let d(o) = 129*o - 3. Let v(a) = 130*a - 3. Let f(r) = 4*d(r) - 3*v(r). Let q be f(1). Suppose q + 281 = 2*s. What is the tens digit of s?
0
Let w = -7308 - -20452. What is the units digit of w?
4
Let n be 39/4 - ((-1)/4 - 0). Suppose 2134 + 1385 = w. Suppose 0 = -7*o - n*o + w. What is the tens digit of o?
0
Let v be 319 + 0 + (-16)/(-4). Let d = 785 - v. Suppose 340 = 3*a + h - 12, 4*a + 5*h - d = 0. What is the tens digit of a?
1
Let p(m) = -5*m - 55. Let u be p(-12). Suppose u*n + 2*v = v + 2178, 2*v = -3*n + 1304. What is the tens digit of n?
3
Let x(k) = k**3 + 48*k**2 + 19*k + 46. Let a be x(20). Suppose -8*i = 30*i - a. What is the units digit of i?
7
Let m be (98280/(-135))/(2/(-34)*2). Suppose 0 = 22*z - 35*z + m. What is the tens digit of z?
7
Suppose -489*m + 977414 + 1950346 = -441*m. What is the units digit of m?
5
Suppose 5*w - 351567 = -2*g, 68*g - 73*g - 210903 = -3*w. What is the ten thousands digit of w?
7
Let v(f) be the second derivative of -f**5/20 - 3*f**4/4 + 2*f**3 - 15*f**2/2 - 7*f. Let s be v(-11). Let j = 165 - s. What is the tens digit of j?
7
Let t(d) = d**3 + d**2 - 24*d + 21. Let s be t(4). Let b = s - -990. What is the tens digit of b?
9
Suppose 76 - 90 = -y. Suppose 0 = -17*o + y*o - 213. Let c = o + 186. What is the hundreds digit of c?
1
Let x(g) = -6968*g**3 - g**2 - 22*g - 21. What is the units digit of x(-1)?
8
Suppose 2*u + 607 = -309. Let r = u - -761. What is the tens digit of r?
0
Let f = -1099 + 1662. Suppose -48 = 8*s - 2*s. What is the hundreds digit of f/4 - 2/s?
1
What is the tens digit of 4*-8747*342/4788*7/(-2)?
4
Suppose 5*a - t - 1799 = 0, -2*a + 5*t = -0*a - 738. Let v = a + -192. What is the hundreds digit of v?
1
Suppose 2*o + l = 8, 5*l - 9 = -3*o + 17. Let p(g) = 4*g**3 - 4*g**2 - g + 6. What is the units digit of p(o)?
0
Let h(j) = j**3 + 69*j**2 - 40*j + 783. What is the units digit of h(-65)?
3
Let o be 3/((-15)/20) - -1243. Suppose -15*h + 4524 = o. What is the tens digit of h?
1
Suppose 44*h - 2055 = 39*h. Suppose 4*t - 693 = -g + h, 4*g = 16. What is the tens digit of t?
7
Let t(c) = -c**2 - 187*c - 2206. What is the units digit of t(-86)?
0
Suppose -1044 = 6*c + 210. Let t = -160 - c. What is the tens digit of t?
4
Suppose -j = -10 + 4. Let g(m) = m**3 - 9*m**2 + 12*m + 3. Let z be g(j). Let f = z - -48. What is the tens digit of f?
1
Suppose 0 = -4*s + 2*s - 152. Suppose 5*u + 0*n + n + 249 = 0, -3*u - 149 = n. Let m = u - s. What is the units digit of m?
6
What is the tens digit of (-6)/((-499324)/3741105 + (-12)/(-90))?
1
Suppose 0 = -m, -13*p - 18890 - 530 = -14*p + 3*m. What is the units digit of p?
0
Suppose -30*v - 13799 = -31*v + 5*h, 55217 = 4*v + h. What is the tens digit of v?
0
Let w(a) = a**3 + 2*a**2 + 1. Let m(p) = -645*p**3 + 9*p**2 - 2*p + 3. Let n(v) = m(v) - 5*w(v). What is the hundreds digit of n(-1)?
6
Suppose b = 3*m - 27644, 0 = 3*m - 4*b - 22644 - 4997. What is the tens digit of m?
1
Let c(x) = -3597*x + 246. What is the units digit of c(-12)?
0
Let l(y) = 37*y**2 + 4*y + 3. Let u be l(-1). Suppose 8 = 40*q - u*q. Suppose 0 = -q*p + 2*n + 400, -2*p - n = 3*p - 994. What is the units digit of p?
9
Let g(v) = -2008*v + 307. What is the hundreds digit of g(-10)?
3
Let s = 71992 + -35607. What is the units digit of s?
5
Suppose 11 = -6*x + 23. Suppose -t - 2459 = -x*k, -37*k - 2*t - 2460 = -39*k. What is the hundreds digit of k?
2
Let t(n) = -2*n**3 - 3 - 7*n**2 + 7*n + 0 - 2*n. Let k(l) = -l**2 - 23*l + 102. Let u be k(4). What is the hundreds digit of t(u)?
1
Suppose -9*n = -9 - 9. Suppose -a + 4*w - n*w + 13 = 0, -92 = -4*a - 2*w. Suppose -a*f = -13*f - 792. What is the units digit of f?
9
Let u(s) be the second derivative of 1/6*s**3 + 0 + 5*s**2 + 13*s + 1/20*s**5 + 2/3*s**4. What is the units digit of u(-8)?
2
What is the ten thousands digit of (-5)/(-6*5/30) + 40145?
4
Let u = -274 - -324. Let x = 299 + u. What is the units digit of x?
9
Let r(f) = f**3 + 6*f**2 - 9*f - 13. Let d be r(-7). Let z(q) = 38*q**3 - q + 2. Let b be z(d). Let a = 8 + b. What is the tens digit of a?
4
Suppose 25 = 4*k + 3*d - 8306, -5*k = d - 10411. What is the units digit of k?
2
Let i be (-6)/(-8) + -1682*2/(-16). Suppose 4*b - 301 = i. Let x = b - 126. What is the units digit of x?
2
Let v = 48177 - 27298. What is the ten thousands digit of v?
2
Suppose 45 = -168*n + 173*n. Suppose y - 1040 = -b, -n*b - 2086 = -11*b + y. What is the units digit of b?
2
Suppose -f - 36*f = -147038. What is the tens digit of f?
7
Let w be 71/3 - 2/3. Suppose 0 = -30*v + 163 + 497. Suppose -w*i + v*i = -80. What is the tens digit of i?
8
Let v(d) = -d**3 + 3*d**2 + 4*d + 3. Let y = -20 - -24. Let k be v(y). Suppose 0 = k*z - 25 - 83. What is the tens digit of z?
3
Let z(a) = 64*a**2 + 122*a + 961. What is the ten thousands digit of z(-28)?
4
Let f = 4087 - 7243. Let d = f + 4495. What is the tens digit of d?
3
Let n be (10 - 4)*1/2*7. What is the units digit of (-1202)/(-2) + (n - 15)?
7
Suppose a + 3*p = 11361 + 4600, a - 15965 = -p. What is the tens digit of a?
6
Let i(y) = -35*y - 27. Let n be i(-20). Suppose 4*u + 595 = 2*f - n, -3 = u. What is the units digit of f?
8
What is the units digit of 6/2 - (-4836 - (15 - 20))?
4
Suppose 0 = -5*m + 4*l + 60, 4*m + 0*m + 5*l = 89. Let j(w) = -m*w - 9 - 17*w + 38*w + 33. What is the tens digit of j(6)?
5
Let f be (-1 - (-3)/6)*-8. Suppose -f*d + 10 = -2. Suppose d*y - 89 = 253. What is the tens digit of y?
1
Let l(k) = k**3 - 34*k**2 + 43*k - 14. What is the units digit of l(34)?
8
Let g(f) = 7*f - 29. Let d be g(4). What is the hundreds digit of -2 + d + 12/(-18)*-477?
3
Let c be (-17)/(-5) - 40/100. Suppose 2*h + 25 = 5*x, c*x + 8 = -4*h + 23. Suppose -2*b - 3*a + 332 = h, -3*b + 4*a = a - 528. What is the hundreds digit of b?
1
Let k(j) = j**2 - 17*j - 1. Let s be k(16). Let u = 65 + s. What is the units digit of u?
8
Let l = 6008 + 6277. What is the ten thousands digit of l?
1
Suppose -6*z = -4*o - 0*z + 450, 3*o = 4*z + 339. What is the hundreds digit of o/6*(43 - 13)?
5
Let k(s) = -87*s + 220. Suppose 5*b - 6*b = 12. What is the thousands digit of k(b)?
1
Suppose 4*r - 3*i - 23 + 2 = 0, 0 = -5*r + 5*i + 30. What is the hundreds digit of 850 - r - (0 - 0)?
8
Let u be 3/7*(4 - -3). Suppose -u*t = 2*o - 4, 0 = -t - t - 2*o. Suppose 2*r - 83 = t*n + 37, 0 = -3*r + 2*n + 176. What is the units digit of r?
8
Suppose 0 = -o + 2*l - 7*l - 10, 4*l = -3*o - 8. Suppose o = -9*p + 1921 + 221. What is the units digit of p?
8
Let h(m) = -m**3 - 11*m**2 - 9*m + 12. Let o be h(-10). Suppose 0 = o*d - 2*u - 196, d - u - 113 = 3*u. Let x = d + -49. What is the tens digit of x?
4
Let q be ((-1)/(-6) + (-10)/15)*1224. What is the tens digit of (-72)/(-24) - (0 + q)?
1
Suppose -2*p = 0, -3*u + 4*p + 24 = p. What is the units digit of 15/(-200)*-10 - (-7842)/u?
1
Suppose 22*o - 32567 = -31687. What is the tens digit of o?
4
Let q be (-2)/(-4) - (-126)/28. Suppose -430 = 4*m - q*m - 3*f, -2*m = 3*f - 848. What is the hundreds digit of m?
4
Let c be -3 - (-2 + 1) - -1*7. Suppose v = 2*q, 11 = 3*q + c*v - 15. Suppose n - 6*k + q*k - 104 = 0, -2*n - k + 226 = 0. What is the tens digit of n?
1
Let h(w) = 114*w + 59. Let x be h(4). Let q = -315 + x. What is the units digit of q?
0
Suppose 44*y + 20 = 49*y. Suppose -v - 165 = 2*q - 525, -4*q + 712 = y*v. What is the tens digit of q?
8
Suppose -4*c + 3 = 2*w - w, 3*w = 4*c - 7. What is the u